1?
-2204114
In base 11, what is -2a4 - 276?
-56a
In base 12, what is -5 + -7208?
-7211
In base 9, what is -1183668 + 3?
-1183665
In base 3, what is 2010101001 - 1?
2010101000
In base 2, what is -11110000000110000 - 10?
-11110000000110010
In base 15, what is -4527 - -6?
-4521
In base 7, what is 33 + 23504?
23540
In base 3, what is -10002100 + -10?
-10002110
In base 6, what is -230323 + 3?
-230320
In base 3, what is 1212222001222 - -1?
1212222002000
In base 15, what is 866 + -445?
421
In base 6, what is 141433 - -3?
141440
In base 9, what is 56116 + -4?
56112
In base 3, what is 12102212011 + -1?
12102212010
In base 8, what is 5 - -1062616?
1062623
In base 15, what is 7 + -b8a1d?
-b8a16
In base 12, what is 5a - -787?
825
In base 8, what is 0 + 116456?
116456
In base 11, what is -1 - 117976?
-117977
In base 10, what is 45 + 815?
860
In base 8, what is 42 + -12225?
-12163
In base 15, what is -7 + -19721?
-19728
In base 7, what is 5626 + 22?
5651
In base 7, what is 5314 - 445?
4536
In base 7, what is -12501 - 626?
-13430
In base 16, what is 48 - -dae?
df6
In base 10, what is 166 - -245?
411
In base 5, what is 222 - 101221?
-100444
In base 11, what is 36 + 49197?
49222
In base 3, what is 1022 - -10110222?
10112021
In base 6, what is 0 - 4214323?
-4214323
In base 16, what is 2647b - -3?
2647e
In base 11, what is -1 + -6aa986?
-6aa987
In base 3, what is 20 - -220101000?
220101020
In base 12, what is 1 - 149?
-148
In base 16, what is -107c + -3?
-107f
In base 2, what is 110010100100 - 111?
110010011101
In base 2, what is 110010011 + 110001011?
1100011110
In base 11, what is -34aa0 - -47?
-34a54
In base 5, what is -1332 - -102121?
100234
In base 7, what is -32 + -433?
-465
In base 2, what is -100 + -1000001010100001?
-1000001010100101
In base 11, what is 2a + 17260?
1728a
In base 4, what is 0 - -13312030102?
13312030102
In base 2, what is 110100 + -110110?
-10
In base 2, what is -1010110010011111 + 1110010?
-1010110000101101
In base 13, what is 705 + -48?
68a
In base 5, what is -3 + 30214103?
30214100
In base 14, what is 41a - -14a2?
18bc
In base 3, what is -121122 + -2102?
-201001
In base 11, what is -627 - 36?
-662
In base 6, what is -13 - 131500?
-131513
In base 14, what is 1 - -813d?
8140
In base 9, what is -13 - -112031?
112017
In base 10, what is 4426 + -9?
4417
In base 11, what is -31 - -40a7?
4076
In base 15, what is 78 - 258?
-1d0
In base 5, what is -2112220 + 133?
-2112032
In base 6, what is 34433 + -44?
34345
In base 9, what is -5181 - 118?
-5310
In base 13, what is -9a7 - c8?
-aa2
In base 14, what is 33d821 - -5?
33d826
In base 7, what is 3010245 - -2?
3010250
In base 12, what is 122a9b + 3?
122aa2
In base 14, what is 45 - 2d?
16
In base 4, what is -21330 + 102112?
20122
In base 15, what is 5d - -52a?
588
In base 12, what is 5791 - -1?
5792
In base 4, what is 30222311 - -11?
30222322
In base 3, what is -10022021021 - -12?
-10022021002
In base 16, what is 10 - 7432?
-7422
In base 3, what is 0 - -100112012000?
100112012000
In base 3, what is -122001 - -222220?
100212
In base 16, what is 3b7c5 - -4?
3b7c9
In base 5, what is 203 + -104034?
-103331
In base 11, what is -86 + 6119?
6043
In base 15, what is 13 + -789?
-776
In base 16, what is -3 + 19b12?
19b0f
In base 14, what is -5226 + 0?
-5226
In base 9, what is 423804 - 22?
423772
In base 14, what is -7 + -15d4b?
-15d54
In base 5, what is 10 - -1131101?
1131111
In base 13, what is -8 - 2279?
-2284
In base 4, what is 2101103 + -1123?
2033320
In base 2, what is 101101100 - -11101100011?
100011001111
In base 16, what is ca3 + d?
cb0
In base 16, what is -14 - 20e25?
-20e39
In base 7, what is -46205 - 1?
-46206
In base 16, what is -d29a + -3?
-d29d
In base 8, what is -1534667 + -2?
-1534671
In base 2, what is -101001111011 + 110110010?
-100011001001
In base 8, what is -1407151 + -4?
-1407155
In base 13, what is -23 - 25899?
-258bc
In base 8, what is 1 + 160075?
160076
In base 5, what is -11 + -1044241?
-1044302
In base 14, what is -3055 - 56?
-30ab
In base 7, what is -12 + -13653?
-13665
In base 11, what is -21822 - 3?
-21825
In base 7, what is -4 + -206643?
-206650
In base 4, what is 1022222 + 2333?
1031221
In base 2, what is -111 - -100000111110111000?
100000111110110001
In base 13, what is -1 + -5131?
-5132
In base 14, what is -5 - 716?
-71b
In base 4, what is 3333222 + 3?
3333231
In base 4, what is 3222322 - -23?
3223011
In base 3, what is 202011101001 - -10?
202011101011
In base 3, what is -12002 + -121200?
-210202
In base 6, what is -2141155 + 5?
-2141150
In base 16, what is 5 + -152?
-14d
In base 4, what is -322211 + 2200?
-320011
In base 10, what is 2 - 12058?
-12056
In base 16, what is -2d + -3285?
-32b2
In base 15, what is -19 - -b6ed?
b6d4
In base 11, what is 541005 + 0?
541005
In base 13, what is -10 + 799c?
798c
In base 13, what is ba - 146b?
-1381
In base 12, what is -5 + -aa66?
-aa6b
In base 2, what is 100000101 - -1000000111?
1100001100
In base 14, what is -9cb - -31?
-99a
In base 7, what is 32 - 344114?
-344052
In base 10, what is 342 - -10?
352
In base 5, what is -332 - -34?
-243
In base 13, what is 2 + 1277?
1279
In base 3, what is 102202102 + -102021?
102100011
In base 15, what is -c98 - 42e?
-11c7
In base 2, what is -1001010000100 + 110011?
-1001001010001
In base 13, what is -1 + 25593?
25592
In base 11, what is -24735 - 0?
-24735
In base 11, what is -21 + 734?
713
In base 5, what is -21 + 21144?
21123
In base 10, what is 30 + 542?
572
In base 7, what is -111 - -6014?
5603
In base 16, what is -11 + -8533?
-8544
In base 14, what is -4a08ca - -5?
-4a08c5
In base 4, what is 31001130 + 0?
31001130
In base 6, what is -4 - 51315?
-51323
In base 11, what is 4 - 34426?
-34422
In base 12, what is 406756 - -4?
40675a
In base 13, what is 4c8 + 124?
61c
In base 12, what is 55 + 38902?
38957
In base 4, what is -2123 + -12130?
-20313
In base 5, what is -240 - -21342?
21102
In base 14, what is a26d8 + 6?
a2700
In base 14, what is 5d6 - 73?
563
In base 8, what is -453 + -30051?
-30524
In base 11, what is 12a24 - 94?
12940
In base 14, what is 0 - -122aca?
122aca
In base 4, what is -2302 + -12102?
-21010
In base 10, what is 6 + 905?
911
In base 16, what is 3edf7 + 10?
3ee07
In base 4, what is -123322310011 + 11?
-123322310000
In base 2, what is 100101000100111111010 - -101?
100101000100111111111
In base 13, what is -364 + 80?
-2b4
In base 3, what is 10011021 + 100212?
10112010
In base 6, what is 21502 + 340?
22242
In base 14, what is 25b0 - 20?
2590
In base 13, what is 6c0 + 68?
758
In base 11, what is 1 - -19638?
19639
In base 7, what is 13 + -24523?
-24510
In base 9, what is -4271 + 500?
-3671
In base 2, what is 10101011001 + -100010011?
10001000110
In base 6, what is -4 - -1343414?
1343410
In base 10, what is -23 - 2584?
-2607
In base 16, what is 3 + 1f1fa?
1f1fd
In base 12, what is -21a7 + -86?
-2271
In base 13, what is -1273 + 3c2?
-b81
In base 10, what is 209 - 1387?
-1178
In base 14, what is a670 + 3?
a673
In base 8, what is 11337 + -4?
11333
In base 10, what is -7 - 2465?
-2472
In base 13, what is 57b - -b3?
661
In base 12, what is 8962 - -4?
8966
In base 2, what is -100010100011111011001 + 1?
-100010100011111011000
In base 6, what is 31 - -52330?
52401
In base 5, what is 1 + 2230442?
2230443
In base 7, what is 611065 + 2?
611100
In base 4, what is 1 - 2012330102?
-2012330101
In base 5, what is -10 + 103113?
103103
In base 5, what is -1324140 - -14?
-1324121
In base 7, what is -40 + 16324?
16254
In base 7, what is -1421 - -122?
-1266
In base 3, what is -101010 + 220?
-100020
In base 6, what is 34 + -11522?
-11444
In base 12, what is -a88 - 1?
-a89
In base 10, what is 5 + 46675?
46680
In base 4, what is -21101 + -11?
-21112
In base 16, what is 24 - -252?
276
In base 13, what is 54b - 169?
3b2
In base 5, what is 313413 + 10?
313423
In base 9, what is -135505 - 3?
-135508
In base 7, what is -1104632 + -1?
-1104633
In base 8, what is 26422640 - 2?
26422636
In base 5, what is 132411 - 10?
132401
In base 3, what is 0 - -211011201102?
211011201102
In base 10, what is 25 - -4188?
4213
In base 10, what is 4478909 + 0?
4478909
In base 14, what is -3c3471 - 4?
-3c3475
In base 9, what is 1 - 235571?
-235570
In base 15, what is -b + -1ce8?
-1d04
In base 13, what is -1b8cc3 + -5?
-1b8cc8
In base 2, 